{"id":808,"date":"2016-12-18T13:19:06","date_gmt":"2016-12-18T12:19:06","guid":{"rendered":"http:\/\/herzibub.de\/?page_id=808"},"modified":"2024-12-28T14:48:05","modified_gmt":"2024-12-28T13:48:05","slug":"krone-auf","status":"publish","type":"page","link":"https:\/\/herzibub.de\/?page_id=808","title":{"rendered":"Krone auf"},"content":{"rendered":"<p>\u00a0<\/p>\n<p class=\"western\" style=\"text-align: left;\">&#8222;<em>Krone auf<\/em>&#8220; &#8211; das hast du, lieber Nicolas, immer als synonym f\u00fcr deinen Geburtstag gesagt.<\/p>\n<p style=\"text-align: justify;\">Irgendwann vor l\u00e4ngerer Zeit hast du die in der Schule oder Tagesst\u00e4tte gebastelte und mit deinem Geburtstag beschriftete Krone aus gr\u00fcnen Karton nach Hause gebracht. Seitdem hatte sie bei uns zu Hause ihren festen Platz auf dem Kaminsims. An jedem 27. Dezember hast du deine Krone dann voller Stolz aufgesetzt. Jeder wu\u00dfte jetzt: Nicolas hat heute Geburtstag!<\/p>\n<p class=\"western\" style=\"text-align: justify;\">Du warst immer ein sehr gen\u00fcgsamer Mensch und zufrieden mit dem, was du hattest. Selten hattest Du spezielle W\u00fcnsche. Deshalb war es f\u00fcr uns auch nicht immer einfach, f\u00fcr dich sch\u00f6ne Geschenke auszusuchen. \u00dcberhaupt war dir das Auspacken der Geschenke, so hatte es jedenfalls den Anschein, wichtiger, als der Inhalt selbst. Du hast dich wirklich immer \u00fcber jedes Geschenk gefreut und es uns allen Freude strahlend pr\u00e4sentiert: \u201eSchau mal!\u201c hast du gesagt und wir haben dich dann zu den tollen Geschenken begl\u00fcckw\u00fcnscht.<\/p>\n<hr \/>\n<h1><span style=\"text-decoration: underline; color: #008000;\">2024<\/span><\/h1>\n<p><img loading=\"lazy\" decoding=\"async\" class=\"aligncenter size-full wp-image-3143\" src=\"https:\/\/herzibub.de\/wp-content\/uploads\/2024\/12\/Geburtstag-2024.jpg\" alt=\"\" width=\"703\" height=\"1038\" srcset=\"https:\/\/herzibub.de\/wp-content\/uploads\/2024\/12\/Geburtstag-2024.jpg 703w, https:\/\/herzibub.de\/wp-content\/uploads\/2024\/12\/Geburtstag-2024-203x300.jpg 203w, https:\/\/herzibub.de\/wp-content\/uploads\/2024\/12\/Geburtstag-2024-498x735.jpg 498w, https:\/\/herzibub.de\/wp-content\/uploads\/2024\/12\/Geburtstag-2024-520x768.jpg 520w\" sizes=\"auto, (max-width: 703px) 100vw, 703px\" \/><\/p>\n<h1>\u00a0<\/h1>\n<h1><span style=\"text-decoration: underline;\"><span style=\"color: #008000; text-decoration: underline;\">2023<\/span><\/span><\/h1>\n<p style=\"text-align: center;\">Dein <span style=\"color: #008000;\"><strong>25. Geburtstag<\/strong><\/span> im Himmel:<br \/>ein Tag der Trauer, aber auch der Dankbarkeit.<br \/>Du hast unsere Welt mit deiner Liebe erhellt,<br \/>und wir werden dich nie vergessen.<br \/>In stiller Erinnerung sagen wir Happy Birthday.<\/p>\n<p><img loading=\"lazy\" decoding=\"async\" class=\"aligncenter size-full wp-image-3036\" src=\"https:\/\/herzibub.de\/wp-content\/uploads\/2024\/01\/25.-Geburtstag.jpg\" alt=\"\" width=\"816\" height=\"1119\" srcset=\"https:\/\/herzibub.de\/wp-content\/uploads\/2024\/01\/25.-Geburtstag.jpg 816w, https:\/\/herzibub.de\/wp-content\/uploads\/2024\/01\/25.-Geburtstag-219x300.jpg 219w, https:\/\/herzibub.de\/wp-content\/uploads\/2024\/01\/25.-Geburtstag-536x735.jpg 536w, https:\/\/herzibub.de\/wp-content\/uploads\/2024\/01\/25.-Geburtstag-768x1053.jpg 768w, https:\/\/herzibub.de\/wp-content\/uploads\/2024\/01\/25.-Geburtstag-560x768.jpg 560w\" sizes=\"auto, (max-width: 816px) 100vw, 816px\" \/><\/p>\n<h1 class=\"western\"><span style=\"color: #008000;\"><u><b>2022<\/b><\/u><\/span><\/h1>\n<p style=\"text-align: center;\"><span style=\"font-size: 12pt;\">Du bist heute nicht bei uns,<br \/>um die Kerzen auf deinem Kuchen auszublasen,<br \/>aber wir m\u00f6chten dass du wei\u00dft,<br \/>dass die sch\u00f6nen Erinnerungen an dich<br \/>uns f\u00fcr immer etwas Besonderes bringen werden.<br \/>Alles Gute zu Deinem\u00a0 <span style=\"color: #008000;\"><strong>24. Geburtstag<\/strong><\/span> im Himmel!<\/span><\/p>\n<p><img loading=\"lazy\" decoding=\"async\" class=\"aligncenter size-full wp-image-2925\" src=\"https:\/\/herzibub.de\/wp-content\/uploads\/2016\/12\/APC_0023_new_1038.jpg\" alt=\"\" width=\"750\" height=\"1038\" srcset=\"https:\/\/herzibub.de\/wp-content\/uploads\/2016\/12\/APC_0023_new_1038.jpg 750w, https:\/\/herzibub.de\/wp-content\/uploads\/2016\/12\/APC_0023_new_1038-217x300.jpg 217w, https:\/\/herzibub.de\/wp-content\/uploads\/2016\/12\/APC_0023_new_1038-531x735.jpg 531w, https:\/\/herzibub.de\/wp-content\/uploads\/2016\/12\/APC_0023_new_1038-555x768.jpg 555w\" sizes=\"auto, (max-width: 750px) 100vw, 750px\" \/><\/p>\n<h1 class=\"western\"><span style=\"color: #008000;\"><u><b>2021<\/b><\/u><\/span><\/h1>\n<p style=\"text-align: center;\">Es ist nicht leicht, diesen Tag mit Freude zu begr\u00fc\u00dfen.<br \/>Heute w\u00e4rest Du <span style=\"color: #008000;\"><strong>23 Jahre<\/strong><\/span> alt geworden.<br \/>Du bist nicht mehr bei uns, aber die Erinnerungen an Dich sind noch so frisch wie eh und je.<br \/>Ich wei\u00df, wie sehr Du Deine Geburtstage geliebt hast. Deshalb frage ich mich Immer wieder, was Du Dir zu Deinem Geburtstag heute gew\u00fcnscht h\u00e4ttest. Wie h\u00e4ttest Du diesen Tag am liebsten verbracht? Womit h\u00e4tte man Dich \u00fcberraschen k\u00f6nnen?<br \/>Wo immer Du jetzt auch verweilen magst, ich sp\u00fcre, dass Du in diesem Moment bei mir bist. Lass Dir sagen, wie sehr ich ich vermisse und wie wunderbar und einzigartig es war, dass ich Dich lieben durfte und noch immer lieben darf.<br \/>Ich bin sicher, im Himmel wird Dir die Sonne scheinen und die Engel tanzen mit Dir.<\/p>\n<p><img loading=\"lazy\" decoding=\"async\" class=\"aligncenter size-full wp-image-2876\" src=\"https:\/\/herzibub.de\/wp-content\/uploads\/2021\/12\/23-Geburtstag_Schnitt.jpg\" alt=\"\" width=\"850\" height=\"1075\" srcset=\"https:\/\/herzibub.de\/wp-content\/uploads\/2021\/12\/23-Geburtstag_Schnitt.jpg 850w, https:\/\/herzibub.de\/wp-content\/uploads\/2021\/12\/23-Geburtstag_Schnitt-237x300.jpg 237w, https:\/\/herzibub.de\/wp-content\/uploads\/2021\/12\/23-Geburtstag_Schnitt-768x971.jpg 768w, https:\/\/herzibub.de\/wp-content\/uploads\/2021\/12\/23-Geburtstag_Schnitt-581x735.jpg 581w, https:\/\/herzibub.de\/wp-content\/uploads\/2021\/12\/23-Geburtstag_Schnitt-607x768.jpg 607w\" sizes=\"auto, (max-width: 850px) 100vw, 850px\" \/><\/p>\n<h1 class=\"western\"><span style=\"color: #008000;\"><u><b>2020<\/b><\/u><\/span><\/h1>\n<p style=\"text-align: center;\"><span style=\"font-size: 12pt;\"><strong>\u00a0<\/strong><\/span>Es gibt Menschen,<br \/>es gibt Lieblingsmenschen<br \/>und dann gibt es Dich, Nicolas &#8211;<br \/>Auf ein ganz besonders<br \/>sch\u00f6nes 22. Lebenjahr f\u00fcr Dich<span style=\"font-size: 12pt;\"><strong>,<br \/><\/strong><\/span>woimmer Du es auch verbringen magst<span style=\"font-size: 12pt;\"><strong><br \/><\/strong><\/span><\/p>\n<figure id=\"attachment_2842\" aria-describedby=\"caption-attachment-2842\" style=\"width: 762px\" class=\"wp-caption aligncenter\"><img loading=\"lazy\" decoding=\"async\" class=\"wp-image-2842 size-full\" src=\"https:\/\/herzibub.de\/wp-content\/uploads\/2020\/12\/22ster-Geburtstag.jpg\" alt=\"\" width=\"762\" height=\"1038\" srcset=\"https:\/\/herzibub.de\/wp-content\/uploads\/2020\/12\/22ster-Geburtstag.jpg 762w, https:\/\/herzibub.de\/wp-content\/uploads\/2020\/12\/22ster-Geburtstag-220x300.jpg 220w, https:\/\/herzibub.de\/wp-content\/uploads\/2020\/12\/22ster-Geburtstag-540x735.jpg 540w, https:\/\/herzibub.de\/wp-content\/uploads\/2020\/12\/22ster-Geburtstag-564x768.jpg 564w\" sizes=\"auto, (max-width: 762px) 100vw, 762px\" \/><figcaption id=\"caption-attachment-2842\" class=\"wp-caption-text\">22. Geburtstag am 27.12.2020<\/figcaption><\/figure>\n<h1 class=\"western\"><span style=\"color: #008000;\"><u><b>2019<\/b><\/u><\/span><\/h1>\n<p style=\"text-align: center;\"><span style=\"font-size: 12pt;\">Viele Kerzen haben wir in der jetzigen<br \/>Advents- und Weihnachtszeit angez\u00fcndet.<\/span><br \/><span style=\"font-size: 12pt;\">Aber <strong>keine<\/strong> war so leuchtend und uns so wichtig,<br \/>wie diese heute f\u00fcr Dich an deinem <strong>21. Geburtstag<\/strong>!<\/span><\/p>\n<p><img loading=\"lazy\" decoding=\"async\" class=\"aligncenter size-full wp-image-2791\" src=\"https:\/\/herzibub.de\/wp-content\/uploads\/2016\/12\/Kerze-zum-21.-Geburtstag.jpg\" alt=\"\" width=\"1038\" height=\"927\" srcset=\"https:\/\/herzibub.de\/wp-content\/uploads\/2016\/12\/Kerze-zum-21.-Geburtstag.jpg 1038w, https:\/\/herzibub.de\/wp-content\/uploads\/2016\/12\/Kerze-zum-21.-Geburtstag-300x268.jpg 300w, https:\/\/herzibub.de\/wp-content\/uploads\/2016\/12\/Kerze-zum-21.-Geburtstag-768x686.jpg 768w, https:\/\/herzibub.de\/wp-content\/uploads\/2016\/12\/Kerze-zum-21.-Geburtstag-823x735.jpg 823w\" sizes=\"auto, (max-width: 1038px) 100vw, 1038px\" \/><\/p>\n<p style=\"text-align: center;\"><span style=\"font-size: 12pt;\">Lieber Nicolas, Du wirst <strong>niemals<\/strong> ohne uns sein,<\/span><br \/><span style=\"font-size: 12pt;\">denn auch im Himmel lassen wir Dich nicht allein.<\/span><\/p>\n<p><img loading=\"lazy\" decoding=\"async\" class=\"aligncenter size-full wp-image-2789\" src=\"https:\/\/herzibub.de\/wp-content\/uploads\/2016\/12\/21.-Geburtstag.jpg\" alt=\"\" width=\"1038\" height=\"802\" srcset=\"https:\/\/herzibub.de\/wp-content\/uploads\/2016\/12\/21.-Geburtstag.jpg 1038w, https:\/\/herzibub.de\/wp-content\/uploads\/2016\/12\/21.-Geburtstag-300x232.jpg 300w, https:\/\/herzibub.de\/wp-content\/uploads\/2016\/12\/21.-Geburtstag-768x593.jpg 768w, https:\/\/herzibub.de\/wp-content\/uploads\/2016\/12\/21.-Geburtstag-951x735.jpg 951w\" sizes=\"auto, (max-width: 1038px) 100vw, 1038px\" \/><\/p>\n<p><img loading=\"lazy\" decoding=\"async\" class=\"aligncenter size-full wp-image-2795\" src=\"https:\/\/herzibub.de\/wp-content\/uploads\/2016\/12\/IMG_20191228_150629.jpg\" alt=\"\" width=\"818\" height=\"1096\" srcset=\"https:\/\/herzibub.de\/wp-content\/uploads\/2016\/12\/IMG_20191228_150629.jpg 818w, https:\/\/herzibub.de\/wp-content\/uploads\/2016\/12\/IMG_20191228_150629-224x300.jpg 224w, https:\/\/herzibub.de\/wp-content\/uploads\/2016\/12\/IMG_20191228_150629-768x1029.jpg 768w, https:\/\/herzibub.de\/wp-content\/uploads\/2016\/12\/IMG_20191228_150629-549x735.jpg 549w, https:\/\/herzibub.de\/wp-content\/uploads\/2016\/12\/IMG_20191228_150629-573x768.jpg 573w\" sizes=\"auto, (max-width: 818px) 100vw, 818px\" \/><\/p>\n<h1 class=\"western\"><span style=\"color: #008000;\"><u><b>2018<\/b><\/u><\/span><\/h1>\n<p style=\"text-align: center;\">Lieber Nicolas,<br \/><strong>20 Jahre<\/strong> w\u00e4rst du heute alt geworden.<br \/>G\u00e4be es bei Euch oben Besuchszeiten,<br \/>so w\u00e4ren wir da,<br \/>w\u00fcrden dich feste dr\u00fccken<br \/>und liebevoll knuddeln.<\/p>\n<p style=\"text-align: center;\">So aber senden wir Dir<br \/>Geburtstagsgr\u00fc\u00dfe von Herzen mit Handk\u00fcsschen<br \/>&#8222;nach oben&#8220; und denken ganz besonders an dich.<\/p>\n<p style=\"text-align: center;\">In Liebe, Mama, Papa und Mariella<\/p>\n<figure id=\"attachment_2704\" aria-describedby=\"caption-attachment-2704\" style=\"width: 474px\" class=\"wp-caption aligncenter\"><img loading=\"lazy\" decoding=\"async\" class=\"wp-image-2704 size-full\" src=\"https:\/\/herzibub.de\/wp-content\/uploads\/2018\/12\/Grab-Nicolas-20.-Geburtstag_20181227_154418.jpg\" alt=\"\" width=\"474\" height=\"607\" srcset=\"https:\/\/herzibub.de\/wp-content\/uploads\/2018\/12\/Grab-Nicolas-20.-Geburtstag_20181227_154418.jpg 474w, https:\/\/herzibub.de\/wp-content\/uploads\/2018\/12\/Grab-Nicolas-20.-Geburtstag_20181227_154418-234x300.jpg 234w\" sizes=\"auto, (max-width: 474px) 100vw, 474px\" \/><figcaption id=\"caption-attachment-2704\" class=\"wp-caption-text\">20. Geburtstag am 27.12.2018<\/figcaption><\/figure>\n<h1 class=\"western\"><span style=\"color: #008000;\"><u><b>2017<\/b><\/u><\/span><\/h1>\n<p style=\"text-align: center;\">19 Kerzen z\u00fcnd&#8216; ich an,<br \/>ist alles was ich schenken kann.<br \/>Es brennen diese 19 Kerzen<br \/>voll Liebe aus meinem Herzen.<\/p>\n<h1><img loading=\"lazy\" decoding=\"async\" class=\"aligncenter size-full wp-image-2611\" src=\"https:\/\/herzibub.de\/wp-content\/uploads\/2016\/12\/Kerzen-zum-19.-Geburtstag_ezgif.com-optimize.gif\" alt=\"\" width=\"324\" height=\"158\" \/><\/h1>\n<p style=\"text-align: center;\">Liebe Gr\u00fc\u00dfe aus der Ferne,<br \/>heute denke ich an dich besonders gerne,<br \/>ist es doch dein spezieller Ehrentag,<br \/>an dem ich dich ganz lieb gr\u00fc\u00dfen mag!<\/p>\n<p style=\"text-align: center;\">Ich w\u00fcnsche dir tausend Sterne, die dir an deinem Geburtstag leuchten und dir f\u00fcr die Zukunft nur das Beste bringen.<\/p>\n<figure id=\"attachment_2617\" aria-describedby=\"caption-attachment-2617\" style=\"width: 474px\" class=\"wp-caption aligncenter\"><img loading=\"lazy\" decoding=\"async\" class=\"size-full wp-image-2617\" src=\"https:\/\/herzibub.de\/wp-content\/uploads\/2016\/12\/Grab_19.-Geburtstag.jpg\" alt=\"\" width=\"474\" height=\"632\" srcset=\"https:\/\/herzibub.de\/wp-content\/uploads\/2016\/12\/Grab_19.-Geburtstag.jpg 474w, https:\/\/herzibub.de\/wp-content\/uploads\/2016\/12\/Grab_19.-Geburtstag-225x300.jpg 225w\" sizes=\"auto, (max-width: 474px) 100vw, 474px\" \/><figcaption id=\"caption-attachment-2617\" class=\"wp-caption-text\">27. Dezember 2017<\/figcaption><\/figure>\n<h1 class=\"western\"><span style=\"color: #008000;\"><u><b>2016<\/b><\/u><\/span><\/h1>\n<p class=\"western\" style=\"text-align: justify;\">Anders war es dieses Jahr. Du hattest eine genaue Vorstellung, was du dir zu deinem 18. Geburtstag w\u00fcnschst: So feiern, wie deine Schwester vor 2,5 Jahren &#8211; das hat dir super gut gefallen. Alle Freunde und Bekannte sollten sich in der verschlossenen Garage versammeln. Wenn du dann das Tor \u00f6ffnest, rufen alle \u201e\u00dcberraschung\u201c und singen dir ein Geburtstagsst\u00e4ndchen. Anschlie\u00dfend sollte im Garten mit Lagerfeuer gefeiert werden.<\/p>\n<p class=\"western\" style=\"text-align: justify;\">Es ist so schade und tut so weh im Herzen, lieber Nicolas, da\u00df wir dir diesen Herzenswunsch nicht mehr erf\u00fcllen d\u00fcrfen. Allzu gerne h\u00e4tten wir dir zur Vollj\u00e4hrigkeit diese Freude bereitet und ein tolles Fest f\u00fcr dich ausgerichtet.<\/p>\n<p class=\"western\" style=\"text-align: justify;\">Auch wenn du dieses Jahr nicht bei uns bist, verbringen wir deinen 18. Geburtstag so, wie wir es auch die letzten Jahre mit dir getan haben. Nachmittags zu Hause und abends dann in dein Lieblingslokal, das Triplico.<\/p>\n<p class=\"western\">F\u00fcr dich z\u00fcnden wir heute diese &#8218;besondere Kerze&#8216; an:<\/p>\n<p class=\"western\"><img loading=\"lazy\" decoding=\"async\" class=\"aligncenter size-full wp-image-905\" src=\"https:\/\/herzibub.de\/wp-content\/uploads\/2016\/12\/18KERZEN.gif\" alt=\"\" width=\"474\" height=\"267\" \/><\/p>\n<p class=\"western\">Auch am Grab gedenken wir deinem 18. Geburtstag:<\/p>\n<p class=\"western\"><img loading=\"lazy\" decoding=\"async\" class=\"aligncenter size-full wp-image-928\" src=\"https:\/\/herzibub.de\/wp-content\/uploads\/2016\/12\/IMG_6545_Web.jpg\" alt=\"\" width=\"474\" height=\"356\" srcset=\"https:\/\/herzibub.de\/wp-content\/uploads\/2016\/12\/IMG_6545_Web.jpg 474w, https:\/\/herzibub.de\/wp-content\/uploads\/2016\/12\/IMG_6545_Web-300x225.jpg 300w\" sizes=\"auto, (max-width: 474px) 100vw, 474px\" \/> <img loading=\"lazy\" decoding=\"async\" class=\"aligncenter size-full wp-image-929\" src=\"https:\/\/herzibub.de\/wp-content\/uploads\/2016\/12\/IMG_6546_Web.jpg\" alt=\"\" width=\"474\" height=\"356\" srcset=\"https:\/\/herzibub.de\/wp-content\/uploads\/2016\/12\/IMG_6546_Web.jpg 474w, https:\/\/herzibub.de\/wp-content\/uploads\/2016\/12\/IMG_6546_Web-300x225.jpg 300w\" sizes=\"auto, (max-width: 474px) 100vw, 474px\" \/><\/p>\n<hr \/>\n\n\n<p><\/p>\n","protected":false},"excerpt":{"rendered":"<p>\u00a0 &#8222;Krone auf&#8220; &#8211; das hast du, lieber Nicolas, immer als synonym f\u00fcr deinen Geburtstag gesagt. Irgendwann vor l\u00e4ngerer Zeit hast du die in der Schule oder Tagesst\u00e4tte gebastelte und mit deinem Geburtstag beschriftete Krone aus gr\u00fcnen Karton nach Hause gebracht. Seitdem hatte sie bei uns zu Hause ihren festen Platz auf dem Kaminsims. An &hellip; <a href=\"https:\/\/herzibub.de\/?page_id=808\" class=\"more-link\"><span class=\"screen-reader-text\">Krone auf<\/span> weiterlesen <span class=\"meta-nav\">&rarr;<\/span><\/a><\/p>\n","protected":false},"author":1,"featured_media":809,"parent":0,"menu_order":0,"comment_status":"open","ping_status":"closed","template":"page-templates\/full-width.php","meta":{"om_disable_all_campaigns":false,"_monsterinsights_skip_tracking":false,"_monsterinsights_sitenote_active":false,"_monsterinsights_sitenote_note":"","_monsterinsights_sitenote_category":0,"footnotes":""},"class_list":["post-808","page","type-page","status-publish","has-post-thumbnail","hentry"],"aioseo_notices":[],"_links":{"self":[{"href":"https:\/\/herzibub.de\/index.php?rest_route=\/wp\/v2\/pages\/808","targetHints":{"allow":["GET"]}}],"collection":[{"href":"https:\/\/herzibub.de\/index.php?rest_route=\/wp\/v2\/pages"}],"about":[{"href":"https:\/\/herzibub.de\/index.php?rest_route=\/wp\/v2\/types\/page"}],"author":[{"embeddable":true,"href":"https:\/\/herzibub.de\/index.php?rest_route=\/wp\/v2\/users\/1"}],"replies":[{"embeddable":true,"href":"https:\/\/herzibub.de\/index.php?rest_route=%2Fwp%2Fv2%2Fcomments&post=808"}],"version-history":[{"count":36,"href":"https:\/\/herzibub.de\/index.php?rest_route=\/wp\/v2\/pages\/808\/revisions"}],"predecessor-version":[{"id":3147,"href":"https:\/\/herzibub.de\/index.php?rest_route=\/wp\/v2\/pages\/808\/revisions\/3147"}],"wp:featuredmedia":[{"embeddable":true,"href":"https:\/\/herzibub.de\/index.php?rest_route=\/wp\/v2\/media\/809"}],"wp:attachment":[{"href":"https:\/\/herzibub.de\/index.php?rest_route=%2Fwp%2Fv2%2Fmedia&parent=808"}],"curies":[{"name":"wp","href":"https:\/\/api.w.org\/{rel}","templated":true}]}}